- (-2640)/(-270). What is the hundreds digit of 186*1*(-4)/30*j?
2
Suppose 5*b + 444 = -3*l, b + 13*l + 80 = 8*l. What is the hundreds digit of b/(-2)*(-324)/(-20)?
7
Let b(p) = 2*p**3 - p**2 + p - 6. Let g be b(2). Let j(h) = 48*h - 15. What is the hundreds digit of j(g)?
3
Let f = -201 - -226. Suppose 6*o = x + 7*o - 110, 0 = 5*o - f. What is the units digit of x?
5
Suppose -a - v - 3366 = -0*a, 3364 = -a + v. Let h = -1910 - a. What is the units digit of h?
5
Let o = -128 - -133. Suppose 2*h = 2*x + 6, 2 = 4*x + o*h + 14. What is the units digit of (-3 + 4)/(x/(-84))?
8
Suppose -8*g = -13*g + 18420. What is the tens digit of g?
8
Suppose -5*k = -d + 7383, 23688 = 5*d + 3*k - 13423. What is the tens digit of d?
1
Let t be -3 + (-6)/(-10)*(9 + -4). Let w(x) = 3*x + 3. Let i be w(t). Suppose 2 + 1 = -3*n, i*n + 71 = s. What is the tens digit of s?
6
Let o(m) = -m**2 + 1 - 10*m + 7*m - 10 + 3*m**2. Let j be o(4). Suppose 5*k - j*k = -480. What is the units digit of k?
0
Let r(p) be the second derivative of p**7/420 + p**5/24 - p**4/4 - 11*p**3/6 - 7*p. Let f(o) be the second derivative of r(o). What is the tens digit of f(3)?
6
What is the tens digit of 33 - 805941/(-30) - (-3)/10?
9
Let n(y) = 491*y**3 - 2*y**2 - 32*y + 76. What is the hundreds digit of n(2)?
9
Let v = 66 + -72. Let o(f) = f + 38. What is the tens digit of o(v)?
3
Suppose -5*q + 12 = -33. Suppose 10*n = q*n + 55. Suppose -8*v + n = -41. What is the units digit of v?
2
Suppose o = -p + 5, -3*p + 12 = -4*o + p. Let v be (3/o)/((-3)/(-9)). Let d(u) = u**2 + 12*u + 12. What is the hundreds digit of d(v)?
2
Suppose -6*i - 4*i + 55127 + 59003 = 0. What is the thousands digit of i?
1
Suppose 4*u + 4*n - 82308 + 28148 = 0, 5*u - 67700 = -2*n. What is the tens digit of u?
4
Let q(x) = 2*x**2 - 24*x + 10. Let k be q(12). Suppose -k*t = -14*t + 72. Let u = -11 + t. What is the units digit of u?
7
Suppose 25 = 4*t + 13. Suppose -71 = -p - i, 0 = -4*p + t*i + 11 + 308. What is the units digit of p?
6
What is the tens digit of (9 - 2)*(847 - 0) - (-89)/(-89)?
2
Let g = 20 - 16. Let j be (-402)/g*(-12)/18. Suppose 4*n - j - 9 = 0. What is the units digit of n?
9
Suppose 0 = -5*h + 3*z, 4*h + 5*z + 22 = 3*z. Let u be 2/((-8)/h) + 19/(-4). Let g(q) = -2*q**3 - 4*q + 1. What is the hundreds digit of g(u)?
1
Suppose 0 = 2*b + 3*o - 365, 5*b - 12*o - 900 = -7*o. Let u = 311 - b. What is the hundreds digit of u?
1
Suppose 106*g = -61*g + 1159815. What is the hundreds digit of g?
9
Suppose 5*m - 7*m - 218 = 0. Let z = m - -111. Suppose f + 116 = z*f + t, 316 = 3*f - 5*t. What is the tens digit of f?
1
Let m(s) be the first derivative of 5*s**3/3 + 13*s**2 - 38*s - 62. What is the tens digit of m(-16)?
2
Suppose 3*f - 63770 = 5*q + 38211, q = 4*f - 135986. What is the thousands digit of f?
3
Let x = -40 + 44. Suppose -3*u = -x*m + 2*m + 4, -u + 8 = 4*m. Suppose 7*w = -u*w + 385. What is the tens digit of w?
5
What is the ten thousands digit of (1420/(-3))/(71/(-2769))?
1
Suppose -41*u + 353379 = -24044 - 175708. What is the thousands digit of u?
3
Suppose -26*v + 61150 + 17481 = -19*v. What is the tens digit of v?
3
Let a(y) be the third derivative of 19*y**5/60 + y**4/8 + 7*y**3/3 - 2*y**2 + y. What is the hundreds digit of a(-6)?
6
Let o(y) = -7*y + 2. Let a(v) = -v. Let m(d) = 36*a(d) - 4*o(d). Let i be m(-4). Suppose -i - 96 = -3*z. What is the units digit of z?
0
Suppose 1750*r + 146132 = 1767*r. What is the units digit of r?
6
Suppose -37*z + 118534 = -18329. What is the hundreds digit of z?
6
Suppose s + 2 = -1. Let v be s/((-54)/(-1947)) + 5/30. Let w = v + 212. What is the units digit of w?
4
Let m = 1054 - 2066. Let i = 49 - m. What is the tens digit of i?
6
Suppose -4470 = -2*s + s - 5*q, -3*s = 5*q - 13440. What is the tens digit of s?
8
Suppose 2*g - 2*s - 15 = -3*s, -4*g - 5*s + 27 = 0. Suppose -2 = 2*z + g. What is the units digit of ((-4)/(1 + z))/((-1)/(-197))?
7
What is the units digit of ((-8070)/20)/(445/(-74) - -6)?
9
Let p = 302 - 292. Suppose -4*d + 6*o = p*o - 1596, 4*d + o - 1599 = 0. What is the units digit of d?
0
Let l = 202 - 176. Suppose l*z - 9*z - 9571 = 0. What is the hundreds digit of z?
5
Suppose -8497 = -n - 4*t, -772*n - 8539 = -773*n + 2*t. What is the thousands digit of n?
8
Let v(p) = p**2 + p - 24. Let k be v(-7). Suppose 0 = -k*h + 13*h + 360. What is the tens digit of h?
7
Let q(m) = -m**3 - 89*m**2 + 119*m + 56. What is the tens digit of q(-91)?
8
Suppose 0 = -136*f + 52431 + 11897. What is the hundreds digit of f?
4
Suppose 3*v = -14*v + 17000. Suppose -z + 6*z + 1456 = 3*s, 2*s + 4*z - v = 0. What is the tens digit of s?
9
Suppose 0 = 5*t - 2*n - 106647, -37221 = 3*t + n - 101196. What is the tens digit of t?
2
Let r(j) = -126*j. Let v be r(-4). Suppose -12*w + 4*w + v = 0. What is the units digit of w?
3
Let g(c) = c**3 - 20*c**2 - 10. Let f be g(20). Let a = f + 19. Suppose -a*l + 654 = -3*l. What is the units digit of l?
9
Suppose 2 - 27 = -5*j - 5*s, 0 = -j - 2*s + 5. Suppose -3*k + 185 + 95 = -4*c, -5*c = -j*k + 475. Let z = k - 13. What is the units digit of z?
7
Suppose -13*y + 5*i = -164704, 0*y + 4*i = -y + 12652. What is the hundreds digit of y?
6
Let o be (1 - 920)/(2*6/(-12)). Let c = o - 619. Suppose -375 = k - 6*k - 4*a, -4*k + c = -3*a. What is the units digit of k?
5
Let q(w) = -52*w + 309. Let j be q(6). Let u(i) be the second derivative of -i**5/10 + 5*i**4/12 + 5*i**3/6 + 5*i**2 - 2*i. What is the tens digit of u(j)?
9
Let l(o) = -2*o + 16. Let j be l(8). What is the units digit of 0 + (2 - j)*-1 + 216?
4
Let q = -137533 + 194080. What is the ten thousands digit of q?
5
Let m(z) = -2*z**3 + 6*z**2 + 8*z + 4. Let b(k) = k**3 + 7*k**2 + 7*k + 8. Let r be b(-6). Suppose -r*v = -0*v + i + 8, i = 0. What is the tens digit of m(v)?
9
Suppose 4886952 = -61*i + 289*i. What is the ten thousands digit of i?
2
Let w = -7957 - -11516. Suppose -21*x + w = -6353. What is the units digit of x?
2
Suppose -3*j = 2*y - 458, 5*y - 63 = 3*j + 1103. Suppose -y + 956 = 4*v. What is the hundreds digit of v?
1
Suppose 11*a = 9*a + 598. Let x = a - 47. What is the units digit of x?
2
Let h be 66*(-11)/(-165) - 4/10. Let w be ((-3)/2)/((-3)/6). Suppose w*a = h*a - 148. What is the units digit of a?
8
Let x(v) = 18*v**2 - 4*v - 1. Let k be (4/(-4)*-5)/((-1)/(-2)). Suppose -h + k = 7. What is the units digit of x(h)?
9
Let t(a) = 106*a**2 - 6*a - 7. What is the thousands digit of t(-9)?
8
Let m(x) = -2408 - 4*x**3 - 5*x**2 - 16*x + 2424 + 5*x**3. Let t be m(7). Suppose t*s - s = 93. What is the units digit of s?
3
Suppose 3*r + 4249 = -3*w + 13300, 2*w - 18102 = -6*r. What is the hundreds digit of r?
0
Suppose 3*a - 3*x - 67290 = 0, -16*x = 2*a - 12*x - 44860. What is the units digit of a?
0
Let b = -749 + -290. Let m = -721 - b. What is the tens digit of m?
1
Let g = -1959 + 2676. What is the units digit of g?
7
Suppose -6*l = -128 - 5530. Suppose -4*x + 1253 = 3*g, 0 = -2*x - x + g + l. What is the tens digit of x?
1
Suppose 5*r - 152 = r. Let q = -5636 - -5786. Let f = q - r. What is the hundreds digit of f?
1
Suppose 12*n + 52060 = 32*n - 16*n. What is the thousands digit of n?
3
Let x(j) = 9*j**3 + 3*j**2 - 5*j + 5. Let n(w) = -2*w**2 - 8*w + 6. Let k be n(-4). Suppose -m + 2*v = 8, 0*m + 2*m - 2*v = -k. What is the units digit of x(m)?
9
Let w = -15676 + 21949. What is the tens digit of w?
7
Suppose 3*l = 5*f + 11649, 144*l - 148*l - 2*f + 15584 = 0. What is the tens digit of l?
9
What is the tens digit of 4756/3*(-1110)/(-296)?
4
What is the hundreds digit of ((-22)/(-33))/(84/3966606)?
4
Let y(d) = 67*d + 22. Let l be y(2). Suppose 2*u - 258 = l. What is the tens digit of u?
0
Suppose o - 17 = -7*s + 8*s, 5*s + 67 = -o. Let q be (24/28)/((-1)/s). Suppose -q*c = -13*c + 156. What is the tens digit of c?
5
What is the ten thousands digit of 77/42 - 2 - 731983/126*-3?
1
Let k be 40/25*15/12. Suppose -3588 = -k*n - 11*n. What is the hundreds digit of n?
2
Let t(g) = -g**3 - 3*g**2 + g + 1. Let w be t(-3). Let j be ((-63)/(-42))/(w/124). Let q = 201 + j. What is the units digit of q?
8
Suppose -11*h + 22686 + 711 = 0. What is the hundreds digit of h?
1
Suppose 4*g - 20 = 2*a, 8*g = 7*g + a + 6. Suppose 2*k - 478 - 321 = -b, 3*b + g*k = 2389. What is the t